{"id":665,"date":"2019-06-03T00:27:38","date_gmt":"2019-06-02T22:27:38","guid":{"rendered":"https:\/\/normand-levy.com\/?page_id=665"},"modified":"2020-11-02T19:12:12","modified_gmt":"2020-11-02T18:12:12","slug":"documents-et-liens-utiles","status":"publish","type":"page","link":"https:\/\/normand-levy.com\/index.php\/documents-et-liens-utiles\/","title":{"rendered":"Documents et liens utiles"},"content":{"rendered":"<p>[vc_row css_animation=\u00a0\u00bb\u00a0\u00bb row_type=\u00a0\u00bbrow\u00a0\u00bb use_row_as_full_screen_section=\u00a0\u00bbno\u00a0\u00bb type=\u00a0\u00bbfull_width\u00a0\u00bb angled_section=\u00a0\u00bbno\u00a0\u00bb text_align=\u00a0\u00bbleft\u00a0\u00bb background_image_as_pattern=\u00a0\u00bbwithout_pattern\u00a0\u00bb css=\u00a0\u00bb.vc_custom_1578413458506{padding-top: 60px !important;padding-bottom: 40px !important;}\u00a0\u00bb z_index=\u00a0\u00bb\u00a0\u00bb][vc_column][vc_row_inner row_type=\u00a0\u00bbrow\u00a0\u00bb type=\u00a0\u00bbfull_width\u00a0\u00bb text_align=\u00a0\u00bbleft\u00a0\u00bb css_animation=\u00a0\u00bb\u00a0\u00bb css=\u00a0\u00bb.vc_custom_1578413471623{padding-bottom: 40px !important;}\u00a0\u00bb][vc_column_inner][vc_column_text]<\/p>\n<h4 style=\"text-align: center;\"><span style=\"color: #16736f;\">Voici quelques liens destin\u00e9s \u00e0 vous aider<\/span><br \/>\n<span style=\"color: #16736f;\">\u00e0 trouver des informations utiles \u00e0 l\u2019aboutissement de vos projets<\/span><\/h4>\n<p>[\/vc_column_text][\/vc_column_inner][\/vc_row_inner][\/vc_column][vc_column width=\u00a0\u00bb1\/2&Prime;][vc_column_text]<span style=\"color: #000000;\"><strong>Musique\u00a0:<\/strong><\/span><\/p>\n<p><span style=\"color: #000000;\"><a style=\"color: #000000; text-decoration: underline;\" href=\"https:\/\/repertoire.sacem.fr\/\" target=\"_blank\" rel=\"noopener noreferrer\">Catalogue SACEM (auteurs \u2013 compositeurs \u2013 Editeurs)<\/a><\/span><\/p>\n<p><span style=\"color: #000000;\"><a style=\"color: #000000; text-decoration: underline;\" href=\"https:\/\/www.scpp.fr\/\" target=\"_blank\" rel=\"noopener noreferrer\">Catalogue SCPP (Producteurs de phonogrammes)<\/a><\/span><\/p>\n<p><span style=\"color: #000000;\"><a style=\"color: #000000; text-decoration: underline;\" href=\"http:\/\/www.sppf.com\/php_ent_repertoires.php\" target=\"_blank\" rel=\"noopener noreferrer\">Catalogue SPPF (Producteurs de phonogrammes)<\/a><\/span><\/p>\n<p>&nbsp;<\/p>\n<p><span style=\"color: #000000;\">Conventions collectives\u00a0:<\/span><\/p>\n<p><span style=\"color: #000000;\"><a style=\"color: #000000; text-decoration: underline;\" href=\"https:\/\/www.legifrance.gouv.fr\/affichIDCC.do?idConvention=KALICONT000023974024\" target=\"_blank\" rel=\"noopener noreferrer\">Production phonographique<\/a><\/span><\/p>\n<p><span style=\"color: #000000;\"><a style=\"color: #000000; text-decoration: underline;\" href=\"https:\/\/www.legifrance.gouv.fr\/affichIDCC.do?idArticle=KALIARTI000005793811&amp;idSectionTA=KALISCTA000005700872&amp;cidTexte=KALITEXT000005655336&amp;idConvention=KALICONT000005635254&amp;dateTexte=29990101\" target=\"_blank\" rel=\"noopener noreferrer\">Edition musicale<\/a><\/span><\/p>\n<p><span style=\"color: #000000;\"><a style=\"color: #000000; text-decoration: underline;\" href=\"https:\/\/www.google.com\/url?sa=t&amp;rct=j&amp;q=&amp;esrc=s&amp;source=web&amp;cd=1&amp;cad=rja&amp;uact=8&amp;ved=2ahUKEwjn1ujy5ufmAhW_AWMBHZPuDPMQFjAAegQIBBAC&amp;url=http%3A%2F%2Fwww.cemf.fr%2Fpdf%2FCDUBP_SIGNE_102017.pdf&amp;usg=AOvVaw0o5hnt1rDQZ9hql2GYIhXJ\" target=\"_blank\" rel=\"noopener noreferrer\">Code des usages et bonnes pratiques de l&rsquo;\u00e9dition musicale<\/a><\/span><\/p>\n<p><span style=\"color: #000000;\"><strong>\u00a0<\/strong><\/span><\/p>\n<p><span style=\"color: #000000;\"><strong>Audiovisuel\u00a0:<\/strong><\/span><\/p>\n<p><span style=\"color: #000000;\"><a style=\"color: #000000; text-decoration: underline;\" href=\"https:\/\/www.imdb.com\/\" target=\"_blank\" rel=\"noopener noreferrer\">IMDB<\/a><\/span><\/p>\n<p><span style=\"color: #000000;\"><a style=\"color: #000000; text-decoration: underline;\" href=\"https:\/\/www.allocine.fr\/\" target=\"_blank\" rel=\"noopener noreferrer\">Allocin\u00e9<\/a><\/span><\/p>\n<p><span style=\"color: #000000;\"><a style=\"color: #000000; text-decoration: underline;\" href=\"https:\/\/www.sacd.fr\/mod%C3%A8les-de-contrats-audiovisuels\" target=\"_blank\" rel=\"noopener noreferrer\">Mod\u00e8les de contrats<\/a><\/span><\/p>\n<p><span style=\"color: #000000;\"><a style=\"color: #000000; text-decoration: underline;\" href=\"https:\/\/www.sacd.fr\/producteur-audiovisuel-protocoles-et-accords\" target=\"_blank\" rel=\"noopener noreferrer\">Protocoles et accords interprofessionnels\u00a0<\/a><\/span><\/p>\n<p><span style=\"color: #000000;\"><a style=\"color: #000000; text-decoration: underline;\" href=\"https:\/\/www.uspa.fr\/affaires-sociales\" target=\"_blank\" rel=\"noopener noreferrer\">Conventions collectives de la production audiovisuelle, convention collective des artistes interpr\u00e8tes engag\u00e9s pour des \u00e9mission de t\u00e9l\u00e9vision<\/a><\/span>[\/vc_column_text][\/vc_column][vc_column width=\u00a0\u00bb1\/2&Prime;][vc_column_text]<span style=\"color: #000000;\"><strong>Edition litt\u00e9raire\u00a0:<\/strong><\/span><\/p>\n<p><span style=\"color: #000000;\"><a style=\"color: #000000; text-decoration: underline;\" href=\"https:\/\/www.sgdl.org\/phocadownload\/Juridique\/Version_contrat_comment%C3%A9_14.02.2018.pdf\" target=\"_blank\" rel=\"noopener noreferrer\">Contrat d\u2019\u00e9dition type comment\u00e9<\/a><\/span><\/p>\n<p><span style=\"color: #000000;\"><a style=\"color: #000000; text-decoration: underline;\" href=\"https:\/\/www.sgdl.org\/phocadownload\/Actualit%C3%A9s_2014\/Accord_CPE-SNE_1er_d%C3%A9cembre_2014.pdf\" target=\"_blank\" rel=\"noopener noreferrer\">Code des usages sur le contrat d\u2019\u00e9dition dans le secteur du livre<\/a><\/span><\/p>\n<p><span style=\"color: #000000;\"><a style=\"color: #000000; text-decoration: underline;\" href=\"https:\/\/www.sne.fr\/app\/uploads\/2017\/11\/CodeUsages_Illustration_Photographique_Nov2017.pdf\" target=\"_blank\" rel=\"noopener noreferrer\">Code des usages en mati\u00e8re d\u2019illustration photographique<\/a><\/span><\/p>\n<p><span style=\"color: #000000;\"><a style=\"color: #000000; text-decoration: underline;\" href=\"https:\/\/www.sne.fr\/app\/uploads\/2017\/11\/Code_des_usages_traducteurs_2012.pdf\" target=\"_blank\" rel=\"noopener noreferrer\">Code des usages r\u00e9vis\u00e9 en mati\u00e8re de traduction de litt\u00e9rature g\u00e9n\u00e9rale, r\u00e9vis\u00e9 et sign\u00e9 en mars 2012<\/a><\/span><\/p>\n<p><span style=\"color: #000000;\">\u00a0<\/span><\/p>\n<p><span style=\"color: #000000;\"><strong>Photographie et arts plastiques\u00a0:<\/strong><\/span><\/p>\n<p><span style=\"color: #000000;\"><strong>\u00a0<\/strong><\/span><span style=\"color: #000000;\"><a style=\"color: #000000; text-decoration: underline;\" href=\"https:\/\/www.adagp.fr\/fr\/mysearch\/rp_rights\" target=\"_blank\" rel=\"noopener noreferrer\">R\u00e9pertoire de l\u2019Adagp<\/a><\/span><\/p>\n<p>&nbsp;<\/p>\n<p><span style=\"color: #000000;\"><strong>Marques\u00a0:<\/strong><\/span><\/p>\n<p><span style=\"color: #000000;\"><a style=\"color: #000000; text-decoration: underline;\" href=\"https:\/\/www.inpi.fr\/fr\/base-marques\" target=\"_blank\" rel=\"noopener noreferrer\">Base de donn\u00e9es des marques des marques fran\u00e7aises, de l\u2019union europ\u00e9enne et internationales<\/a><\/span><\/p>\n<p>&nbsp;<\/p>\n<p><span style=\"color: #000000;\"><strong>G\u00e9n\u00e9raliste\u00a0:<\/strong><\/span><\/p>\n<p><span style=\"color: #000000;\"><a style=\"color: #000000; text-decoration: underline;\" href=\"http:\/\/www.secu-artistes-auteurs.fr\/\" target=\"_blank\" rel=\"noopener noreferrer\">R\u00e9gime social des auteurs<\/a><\/span><br \/>\n<span style=\"color: #000000;\"><a style=\"color: #000000; text-decoration: underline;\" href=\"https:\/\/www.infogreffe.fr\/\" target=\"_blank\" rel=\"noopener noreferrer\">Donn\u00e9es sur les entreprises<\/a><\/span><br \/>\n<span style=\"color: #000000;\"><a style=\"color: #000000; text-decoration: underline;\" href=\"https:\/\/www.justice.fr\/formulaire\/modele-attestation-temoin\" target=\"_blank\" rel=\"noopener noreferrer\">Mod\u00e8le d\u2019attestation<\/a><\/span><br \/>\n<span style=\"color: #000000;\"><a style=\"color: #000000; text-decoration: underline;\" href=\"https:\/\/www.cnil.fr\/fr\/rgpd-exemples-de-mentions-dinformation\" target=\"_blank\" rel=\"noopener noreferrer\">Mod\u00e8les de mentions d\u2019information RGPD<\/a><\/span>[\/vc_column_text][\/vc_column][\/vc_row]<\/p>\n","protected":false},"excerpt":{"rendered":"<p>[vc_row css_animation=\u00a0\u00bb\u00a0\u00bb row_type=\u00a0\u00bbrow\u00a0\u00bb use_row_as_full_screen_section=\u00a0\u00bbno\u00a0\u00bb type=\u00a0\u00bbfull_width\u00a0\u00bb angled_section=\u00a0\u00bbno\u00a0\u00bb text_align=\u00a0\u00bbleft\u00a0\u00bb background_image_as_pattern=\u00a0\u00bbwithout_pattern\u00a0\u00bb css=\u00a0\u00bb.vc_custom_1578413458506{padding-top: 60px !important;padding-bottom: 40px !important;}\u00a0\u00bb z_index=\u00a0\u00bb\u00a0\u00bb][vc_column][vc_row_inner row_type=\u00a0\u00bbrow\u00a0\u00bb type=\u00a0\u00bbfull_width\u00a0\u00bb text_align=\u00a0\u00bbleft\u00a0\u00bb css_animation=\u00a0\u00bb\u00a0\u00bb css=\u00a0\u00bb.vc_custom_1578413471623{padding-bottom: 40px !important;}\u00a0\u00bb][vc_column_inner][vc_column_text] Voici quelques liens destin\u00e9s \u00e0 vous aider \u00e0 trouver des informations utiles \u00e0 l\u2019aboutissement de vos projets [\/vc_column_text][\/vc_column_inner][\/vc_row_inner][\/vc_column][vc_column width=\u00a0\u00bb1\/2&Prime;][vc_column_text]Musique\u00a0: Catalogue SACEM (auteurs \u2013 compositeurs&#8230;<\/p>\n","protected":false},"author":1,"featured_media":0,"parent":0,"menu_order":0,"comment_status":"closed","ping_status":"closed","template":"","meta":{"footnotes":""},"_links":{"self":[{"href":"https:\/\/normand-levy.com\/index.php\/wp-json\/wp\/v2\/pages\/665"}],"collection":[{"href":"https:\/\/normand-levy.com\/index.php\/wp-json\/wp\/v2\/pages"}],"about":[{"href":"https:\/\/normand-levy.com\/index.php\/wp-json\/wp\/v2\/types\/page"}],"author":[{"embeddable":true,"href":"https:\/\/normand-levy.com\/index.php\/wp-json\/wp\/v2\/users\/1"}],"replies":[{"embeddable":true,"href":"https:\/\/normand-levy.com\/index.php\/wp-json\/wp\/v2\/comments?post=665"}],"version-history":[{"count":11,"href":"https:\/\/normand-levy.com\/index.php\/wp-json\/wp\/v2\/pages\/665\/revisions"}],"predecessor-version":[{"id":891,"href":"https:\/\/normand-levy.com\/index.php\/wp-json\/wp\/v2\/pages\/665\/revisions\/891"}],"wp:attachment":[{"href":"https:\/\/normand-levy.com\/index.php\/wp-json\/wp\/v2\/media?parent=665"}],"curies":[{"name":"wp","href":"https:\/\/api.w.org\/{rel}","templated":true}]}}